823
In base 16, what is b1 + 0?
b1
In base 2, what is -1001 + 1001?
0
In base 5, what is -1231 - 11?
-1242
In base 8, what is -1747 - -15?
-1732
In base 12, what is 28 - -4?
30
In base 4, what is 33 - -2?
101
In base 4, what is 1 - -3223?
3230
In base 15, what is 2 - -1a?
1c
In base 10, what is 15033 - -1?
15034
In base 16, what is 13 + 70?
83
In base 8, what is -724 - 11?
-735
In base 12, what is -8 - -a?
2
In base 9, what is -203 + -2?
-205
In base 10, what is -3 + -5?
-8
In base 14, what is -1 - -43?
42
In base 8, what is 5 + 36?
43
In base 8, what is 157 + -3?
154
In base 10, what is -21 - 62?
-83
In base 14, what is 1 - 2?
-1
In base 3, what is 1 - 1111112?
-1111111
In base 3, what is -2120202 + -1?
-2120210
In base 12, what is 2 - 137?
-135
In base 4, what is -13 + -30222?
-30301
In base 11, what is 102 - -6?
108
In base 4, what is -222 - -11?
-211
In base 2, what is -101 + 111010001?
111001100
In base 8, what is -14760 - 1?
-14761
In base 11, what is -2 - -50?
49
In base 5, what is -1 - -21314?
21313
In base 12, what is 44 - -19?
61
In base 13, what is -2 - -39?
37
In base 5, what is -1 - -112231?
112230
In base 5, what is -2 - -14402?
14400
In base 2, what is 100 - 1001010?
-1000110
In base 10, what is -16361 - 0?
-16361
In base 11, what is 11 + 1?
12
In base 13, what is 359 - 2?
357
In base 9, what is -822 - -2?
-820
In base 10, what is -1 + -2657?
-2658
In base 16, what is -65 + -5?
-6a
In base 11, what is 4 + -11?
-8
In base 7, what is 150114 + -5?
150106
In base 16, what is -6 + -2e?
-34
In base 5, what is 23 + 101?
124
In base 7, what is -5 + 115?
110
In base 8, what is -5 - 4107?
-4114
In base 7, what is 101 + 14?
115
In base 11, what is -229 + -3?
-231
In base 10, what is -3 - 882?
-885
In base 10, what is 7 + 69?
76
In base 2, what is -1010000 + -11010?
-1101010
In base 7, what is 3 - 5?
-2
In base 15, what is -12 - 18?
-2a
In base 4, what is 1013 - -12?
1031
In base 5, what is -340342 - -1?
-340341
In base 3, what is 1 + -11?
-10
In base 8, what is 6103 + 2?
6105
In base 9, what is 8 + 2?
11
In base 3, what is -10212 - -202?
-10010
In base 16, what is -3 + -702?
-705
In base 10, what is 0 + 255?
255
In base 15, what is 3 - 9?
-6
In base 3, what is -10 + -101?
-111
In base 6, what is -10 + 30?
20
In base 3, what is 2 - 10121?
-10112
In base 2, what is 100 + 11101000101?
11101001001
In base 16, what is 988 - 1?
987
In base 14, what is -5 + -14?
-19
In base 15, what is 18121 + 5?
18126
In base 13, what is 3 - 0?
3
In base 6, what is -35 - -352?
313
In base 4, what is -2202 - -13?
-2123
In base 15, what is 6 + 0?
6
In base 12, what is -5 - -391?
388
In base 8, what is 6 - 33?
-25
In base 2, what is 11 - 1111110?
-1111011
In base 13, what is -2 - 7c5?
-7c7
In base 12, what is 4 + -85?
-81
In base 9, what is 3641 + -3?
3637
In base 4, what is -20 - 22101?
-22121
In base 2, what is 100110 - 10001?
10101
In base 2, what is 10100001 - 1001?
10011000
In base 14, what is -2 - 3?
-5
In base 2, what is 100 + -10011?
-1111
In base 15, what is 2 - 63?
-61
In base 12, what is -3 + 192a?
1927
In base 5, what is -34 - 204?
-243
In base 8, what is 711 + 5?
716
In base 8, what is -106 - 16?
-124
In base 4, what is 11 - 130?
-113
In base 10, what is 12174 - -5?
12179
In base 9, what is 288 + 3?
302
In base 16, what is -b0 + 5?
-ab
In base 10, what is 67 - 46?
21
In base 4, what is -320203 - 11?
-320220
In base 16, what is 16 - -1?
17
In base 6, what is 20 + -2?
14
In base 16, what is -3 - 5f?
-62
In base 3, what is -12 - -2022011?
2021222
In base 8, what is -1 - -30?
27
In base 4, what is -1 - -2320?
2313
In base 16, what is 2 + -3?
-1
In base 3, what is 121 - 210102?
-202211
In base 14, what is -d5 + 6?
-cd
In base 8, what is 1 + 125?
126
In base 12, what is -3 - -130?
129
In base 7, what is 1 - -53?
54
In base 13, what is -13 + -b5?
-c8
In base 15, what is -5 - 3b?
-41
In base 12, what is 1 - -30?
31
In base 6, what is 1 - 31?
-30
In base 9, what is 71430 + 5?
71435
In base 9, what is -3 - 127?
-131
In base 12, what is -1 - -1b7?
1b6
In base 7, what is -623 - -4?
-616
In base 9, what is -3 + 1124?
1121
In base 5, what is -104 - -10?
-44
In base 4, what is -23 - -1311?
1222
In base 11, what is -a78 - -1?
-a77
In base 12, what is 0 - b?
-b
In base 12, what is 783 - 0?
783
In base 14, what is 286 + -5?
281
In base 16, what is 3f + 1?
40
In base 16, what is 5 - 94c?
-947
In base 4, what is -130031 - 0?
-130031
In base 7, what is 2321 - -3?
2324
In base 10, what is -4 - -21?
17
In base 14, what is 11 + a0?
b1
In base 6, what is 1 + 11004?
11005
In base 14, what is 30 + -7a?
-4a
In base 12, what is 173 + -3?
170
In base 8, what is 1236 + -3?
1233
In base 14, what is -5 - 5?
-a
In base 4, what is -1010 - 10?
-1020
In base 16, what is 1a - -3?
1d
In base 11, what is 17 + 13?
2a
In base 6, what is 432 + 0?
432
In base 7, what is -11630 - 5?
-11635
In base 9, what is 1 - -63?
64
In base 6, what is 4 + 10253?
10301
In base 12, what is 1357 - -2?
1359
In base 9, what is -14484 + 3?
-14481
In base 14, what is 4 + -5?
-1
In base 12, what is 162 - -18?
17a
In base 8, what is -6274 + 2?
-6272
In base 16, what is 5 + 29?
2e
In base 13, what is -1ab + 61?
-14a
In base 15, what is 3 + 10?
13
In base 3, what is 10 - -11?
21
In base 16, what is a - 3a?
-30
In base 11, what is 8 + -8a?
-82
In base 8, what is 40172 + 0?
40172
In base 5, what is -1013 - -12?
-1001
In base 13, what is 18 + 87?
a2
In base 4, what is -3131112 + 11?
-3131101
In base 7, what is 314 + 2?
316
In base 13, what is -b0 + 0?
-b0
In base 13, what is -1a - 0?
-1a
In base 8, what is 1 - -27?
30
In base 5, what is -130 + -3041?
-3221
In base 8, what is -101 + 73?
-6
In base 7, what is 2 - -43?
45
In base 13, what is 1 + 568?
569
In base 12, what is -24 + 2?
-22
In base 4, what is -2 - 33?
-101
In base 10, what is -25 + -53?
-78
In base 7, what is 34 - -265?
332
In base 2, what is 10 - 1101101?
-1101011
In base 11, what is -12679 - 2?
-12680
In base 16, what is -3 + 46?
43
In base 8, what is -6 - -2076?
2070
In base 9, what is 1331 - 3?
1327
In base 14, what is -5 - -b7?
b2
In base 11, what is 1a + 7?
26
In base 2, what is -100 - -1110010111?
1110010011
In base 12, what is 3 - 39?
-36
In base 11, what is -85 - 4?
-89
In base 13, what is -14 + 38?
24
In base 13, what is 2cb - -b?
309
In base 15, what is 144d + 2?
1450
In base 4, what is 330 + 2023?
3013
In base 8, what is 12172 + 1?
12173
In base 6, what is -105040 + -4?
-105044
In base 11, what is -7 - 1330?
-1337
In base 9, what is 435 + 4?
440
In base 5, what is 4 - 132?
-123
In base 7, what is -3 + 24?
21
In base 7, what is 35 - 2?
33
In base 4, what is -100322 + 11?
-100311
In base 16, what is -9 - -1f?
16
In base 11, what is -231 - -3?
-229
In base 10, what is 5 + -2910?
-2905
In base 10, what is 17 - 2?
15
In base 5, what is -2201 + -2?
-2203
In base 13, what is -2 + -3?
-5
In base 6, what is -1 + -1424?
-1425
In base 8, what is -276 - -13?
-263
In base 5, what is -24020 - 0?
-24020
In base 11, what is 3814 + -3?
3811
In base 9, what is 2 + 668?
671
In base 10, what is 0 - -432?
432
In base 11, what is -165 + 2?
-163
In base 2, what is 111101110 - -110111?
1000100101
In base 6, what is 5 + 114?
123
In base 12, what is 2 + -183?
-181
In base 12, what is -200 - 2a?
-22a
In base 15, what is 1 + -20d?
-20c
In base 4, what is -223 + 23?
-200
In base 3, what is -1010211021 + -1?
-1010211022
In base 4, what is -112 + -202?
-320
In base 12, what is -b - 781?
-790
In base 6, what is 14 + -125?
-111
In base 13, what is -20 - -1a?
-3
In base 6, what is 21 - -453?
514
In base 11, what is 9 + a?
18
In base 11, what is 1 + 17?
18
In base 11, what is 2 + -22?
-20
In base 9, what is -2560 - -2?
-2557
In base 2, what is 11010 + 1010?
100100
In base 15, what is 3 - 70?
-6c
In base 15, what is b - 40?
-34
In base 4, what is -11 + 100223?
100212
In base 9, what is 240 - -16?
256
In base 10, what is -2096 + -9?
-2105
In base 11, what is 5 - -523?
528
In base 7, what is -46 - 11?
-60
In base 12, what is 1a3 - 2?
1a1
In base 15, what is -5 - -4d8?
4d3
In base 12, what is -4 + 1110?
1108
In base 15, what is 13 - 62?
-4e
In base 11, what is 3 - 145?
-142
In base 11, what is 74 - 40?
34
In base 8, what is 4 + 520?
524
In base 5, what is 213210 - -3?
213213
In base 9